rmine c(-6).
-6
Suppose 2*v - 19 = 5*p, v - 4*p - 5 = -0*p. Let h(l) = l**2 - 15*l - 28. Calculate h(v).
6
Let c(o) = 13*o - 2. Suppose -v + 4*t + 16 = 3*v, 0 = -v + 4*t + 13. Calculate c(v).
11
Let o(h) = h - 4. Let z(p) be the second derivative of -p**2/2 - 11*p. Let a(s) = -2*o(s) + 7*z(s). Determine a(-1).
3
Let y(p) be the third derivative of p**6/120 + p**5/15 - p**4/12 - p**3/2 + p**2 + 8*p. Calculate y(-4).
5
Let n(f) be the second derivative of f**4/12 - 5*f**3/6 - 2*f**2 - 81*f. Calculate n(5).
-4
Let i(l) be the second derivative of 2*l**3 - l + 47. What is i(2)?
24
Let h be 24/5 + 2/10. Let s(o) = h*o - 2*o - 4*o + 8. Let c be s(9). Let t(q) = 2*q + 1. Calculate t(c).
-1
Let m be 1*-1*(-9 + 1). Let q(z) = 368 - 193 - z**2 + 9*z - 187. Calculate q(m).
-4
Let n(f) be the third derivative of f**4/24 + f**3/6 - 4*f**2 - 25. Calculate n(16).
17
Let i be (-1)/(112/38 - 3). Let n = 14 - i. Let s(l) = l**3 + 4*l**2 - 3*l + 1. Give s(n).
-9
Let y = -56 + 81. Let u(k) = -y + k + 20 - 3*k. Suppose s + 20 = -3*h, 2*s + s - 3*h = 0. Calculate u(s).
5
Let w(b) = 2*b - 10. Suppose 0 = -m + 7. What is w(m)?
4
Let z(b) = -4*b**3 - b**2 - 2*b - 1. Let m be z(-1). Suppose 4*s + m*x - 8 = 0, 2*s + s - 46 = 5*x. Let f(c) = c**2 - 7*c + 4. Determine f(s).
4
Let n(a) = a**3 + a**2 - 2. Let q be (15/(-45))/((-3)/(-18)). What is n(q)?
-6
Suppose -5*z - 33 = -4*i + 2, 0 = 5*i + 2*z - 52. Let r(f) = -f**3 + 9*f**2 + 13*f - 10. Give r(i).
20
Suppose 2*r - z = -11, 3*r - 3 = -3*z + 3. Let h(w) = -w**3 - 3*w**2 - w - 1. Let f be h(r). Let u(b) = 2*b**f + 0 + 1 - 3*b - 2*b**2 + 3*b**2. Determine u(2).
7
Suppose 51*q = 55*q + 8. Suppose 0 = d + 2*n - 6, -6*d + 4*n - 4 = -4*d. Let a(w) = w + d*w**2 + 4*w - 1 - 2*w + 2. Determine a(q).
3
Let f(u) = 4*u + 11. Suppose -177*j = -146*j + 124. Give f(j).
-5
Let m be 9*-2*(-4)/24. Let x(i) = 2*i + 4 - 174*i**2 + 353*i**2 - 180*i**2. Give x(m).
1
Let q = -16 + 10. Let v(w) = -2*w**3 + 2*w**2 - 5*w. Let r(f) = -f**3 - 1 - 9*f + 13*f**2 + 9*f - 14*f**2. Let p(b) = 3*r(b) - v(b). What is p(q)?
3
Let c(y) = 7*y**3 - 3*y**2 + 3*y + 13. Let m(u) = 4*u**3 - u**2 + 2*u + 7. Let d(h) = 3*c(h) - 5*m(h). Suppose -i + 6 = 4*f - 7, f + 2*i = 5. Determine d(f).
-8
Let t(m) = m**2 - 3*m - 6. Let q be (-66)/11 + (-1 - -13). What is t(q)?
12
Let f(v) = -v + 8. Suppose t - 3 = -2*p, 23*p + 2*t = 18*p + 8. What is f(p)?
6
Let h = -1005 + 1002. Let d(n) = 7*n**2 + 5*n + 4. Let t(w) = 8*w**2 + 5*w + 4. Let j(c) = -7*d(c) + 6*t(c). What is j(h)?
2
Let w(g) = g**3 + 0*g - 2153 + 2146 - 5*g**2 + g. Suppose 0 = -5*i + 9 + 16. Give w(i).
-2
Suppose c = -c - 4. Let s(z) be the second derivative of -z**4/6 + z**3/6 + z**2/2 - 549*z. What is s(c)?
-9
Let d = 19 - 14. Let p(c) = -2*c**2 - 2*c**2 - 9 - d*c + 3*c**2. Let z(x) = -x**3 + 4*x**2 - 2*x + 2. Let m be z(4). Give p(m).
-15
Let u(o) be the first derivative of 27*o**2/2 + 80. What is u(1)?
27
Let n(w) be the second derivative of -3*w**5/20 + w**4/4 - w**3/2 + 3*w**2/2 - w. Let i = 329 - 327. Give n(i).
-15
Let y(n) be the second derivative of -n**5/60 + n**4/2 + 7*n**3/6 + 31*n**2/2 + 38*n. Let o(i) be the first derivative of y(i). Calculate o(12).
7
Suppose -3*c - 4*n = -3, 15 = -n + 12. Let a(p) = -p**3 + 5*p**2 - p - 7. Determine a(c).
-12
Suppose -3 = -b + 2. Let v = -256 - -258. Let t(z) = z**v + b*z + 2*z - z - z. What is t(-5)?
0
Let l(z) = -2*z**2 - 5*z + 5. Let k = -1444 - -1447. Determine l(k).
-28
Let p(a) = -a**3 - a - 7. Let s be -4*(-12)/16 - -10. Suppose s*z = 16*z. Suppose z = -6*u + 2*u. Determine p(u).
-7
Let a(f) be the third derivative of 1/120*f**6 + f**3 + f**2 - 1/8*f**4 - 1/12*f**5 + 0 + 0*f. Give a(5).
-9
Let t(k) = 12. Let x(c) = -5. Let a(b) = 2*t(b) + 5*x(b). Let m(o) = -o**2 - 6*o + 1. Let f(v) = -5*a(v) - m(v). Let q = 4 - 7. Give f(q).
-5
Let m(p) = p**2 - 11*p + 13. Let l(w) = 2*w**2 - 23*w + 27. Let j(v) = -6*l(v) + 13*m(v). Suppose -q + 4*g + 13 = 0, 2*q + q - 3*g - 21 = 0. Give j(q).
7
Let i(z) = z**3 + 3*z**2 - 6*z - 4. Let k be i(-4). Let m(h) be the third derivative of -h**5/60 + 7*h**4/24 - h**3 - 25*h**2. What is m(k)?
6
Let d(k) = -k**3 + 5*k**2 - k - 3. Suppose -a - 2*u + 6 = 0, 2*u = a - 0*u - 2. What is d(a)?
9
Suppose 6*a + 261 = 303. Let b(q) = -q**3 + 9*q**2 - 15*q + 9. Calculate b(a).
2
Let d(u) = -u**3 - u**2 - u. Suppose 11*b - 13*b - 5*f = -6, -b + 4*f - 10 = 0. Calculate d(b).
6
Let y(a) = -a**3 - 3*a**2 - 2*a - 4. Let j(l) = l**3 + 4*l**2 - 15*l - 21. Let h be j(-6). Determine y(h).
2
Let i = 0 - -1. Let f(m) be the second derivative of m**5/60 + m**4/24 - 8*m**3/3 - 7*m. Let p(b) be the second derivative of f(b). What is p(i)?
3
Let h(i) = -i**3 + 8*i**2 - 9*i + 9. Suppose -5*k + 11 = 3*l - 5, -3*k = -l - 4. Let r be 168/14*l/4. Suppose -r*j + 21 = -3*j. Determine h(j).
-5
Let z(j) = -2*j**3 + 2*j**2 - 4*j + 7. Let g be z(2). Let f(l) = -l - 9. Give f(g).
0
Let r(b) be the second derivative of b**5/5 - b**4/24 - 21*b**2 + 31*b. Let s(t) be the first derivative of r(t). Give s(1).
11
Let m(b) = 3*b**2 - 25*b + 7. Let q be m(12). Let y(w) = 4*w**2 + 275 - w**3 - q - 138 + 2*w. Give y(5).
-17
Let l(t) = -2*t**2 + 32*t - 54*t + 2 + 19*t + 3*t**2. Give l(3).
2
Let p(w) = -3*w - 4. Let f(c) = 9*c + 13. Let y(g) = 2*f(g) + 7*p(g). Let b = 30 + -33. Let r be (6/4)/(b/6). Give y(r).
7
Let v(r) = -r**3 + r**2 - 1. Let k(x) = 15 - 6*x**2 - 2*x + 5*x**2 + 8*x. Let u be k(8). Determine v(u).
1
Let o(n) = 130*n - 7 + 4 - 128*n. Calculate o(-5).
-13
Let l(d) = 2*d - 12. Suppose 158*h - 56 = 150*h. What is l(h)?
2
Suppose 5*m = 0, 0 = -5*p + 3*m - 7*m + 10. Suppose 5 = p*h + 19. Let k(s) = -s**3 - 8*s**2 - 7*s - 9. Calculate k(h).
-9
Suppose 0 = -5*i - 23 + 8. Let m(a) = -4*a**2 - 3*a - 8. Let r(s) = -3*s**2 - 3*s - 7. Let w(c) = i*r(c) + 2*m(c). Calculate w(-4).
9
Let m(a) = -3. Let s(z) = -2*z + 26. Let c(w) = -6*m(w) - s(w). Give c(9).
10
Let s(t) = -t + 5. Suppose 2*l - 3*h = -3, -2*l + 18 = -0*l + 4*h. Let i(u) = u**3 - 9*u**2 + 19*u - 11. Let k be i(7). Suppose -q = l*q - k. Determine s(q).
-1
Let g(k) be the third derivative of 0*k + 4*k**2 + 1/24*k**4 + k**3 + 0. Let t = 149 - 149. Determine g(t).
6
Let n(w) = w**2 - 5*w - 9. Suppose -198 - 261 = -3*j. Suppose 5*v - 37 = j. Suppose -v = -5*x + 3*b, -4*x + 2*b + 10 + 20 = 0. Determine n(x).
5
Let y = 41 - 47. Let l(k) = k**2 + 3*k + 9. Give l(y).
27
Let q(v) = -v + 3. Let l(t) = -35*t + 10 + 0*t**2 + t**2 + 42*t. Let f = -21 + 15. Let n be l(f). Calculate q(n).
-1
Let h(m) = -5*m**2 + 14*m - 12. Let o(v) = 4*v**2 - 13*v + 6. Let g(j) = 2*h(j) + 3*o(j). Calculate g(6).
0
Let c = 20 + -18. Suppose -2*d - s = c*s - 15, -5*s - 63 = -4*d. Suppose 0 = -4*l - d. Let g(k) = k**2 - 2*k - 4. Determine g(l).
11
Let r(o) = 14*o**3 - 37*o**2 + 16*o - 58. Let v(i) = -5*i**3 + 13*i**2 - 6*i + 19. Let f(u) = 4*r(u) + 11*v(u). Give f(6).
1
Let s(o) = 9*o**3 - 31*o**2 + 31*o + 11. Let y(v) = 4*v**3 - 15*v**2 + 15*v + 5. Let b(w) = 3*s(w) - 7*y(w). Determine b(11).
-13
Suppose -3 = -4*u + 9. Let l(b) = 4 + 2 - u*b - 5 + 2*b. Calculate l(-6).
7
Let g(w) = w**3 - 6*w**2 + 6*w + 3. Let j be -1*144/(-27) + 2/(-6). Give g(j).
8
Let y(s) be the second derivative of s**3/3 + 2*s**2 - s. Suppose -d = 1 + 5. Give y(d).
-8
Let b(t) = t + 17 - 9 - 5 - 4. What is b(1)?
0
Let u(j) = 5*j + 3. Suppose -18 = -0*v + 3*v. What is u(v)?
-27
Let p(n) = -n**2 + 3*n - 2. Let t be (-3510)/(-855) - 2/19. Determine p(t).
-6
Suppose -4*o = -40 - 40. Let p = o + -22. Let k(v) = -v. Calculate k(p).
2
Let n(f) = 4*f - 8 + 11*f**3 - 15 - 5*f - 10*f**3. Calculate n(0).
-23
Let p be 8/(-32) - (-25)/4. Let d(f) = 4*f. Let m be d(p). Let j(r) = -m*r + 24*r - r**2 + 1. What is j(1)?
0
Let x = -86 + 94. Suppose -x = 3*h - 2. Let z(d) = -d**3 + 2*d + 3. What is z(h)?
7
Suppose 3*m = -4*m. Let k(s) = -12*s**2 + m*s - s**3 + 10*s**2 + 4*s + 5 + 7*s**2. Give k(6).
-7
Let w = -26 + 23. Let g be (-27)/w + 1 - 0. Suppose -3*x = j + x - g, 2 = x. Let q(a) = -4*a + 2. Calculate q(j).
-6
Let p(w) be the second derivative of -w**3/6 - 15*w**2/2 + 2*w + 112. Determine p(-5).
-10
Let t(r) be the second derivative of r**3/6 + 25*r**2/2 + 9*r - 17. Determine t(-24).
1
Suppose 2*u = u + 5. Suppose 0 = -3*r + u*r - 6. Let t(n) = 0*n**2 + 0*n**2 + n**3 + 177 - r*n - 1